6*a + 2167. Give g(8).
23
Let t(v) = v**3 - 37*v**2 - 435*v + 15498. What is t(20)?
-2
Let y(k) = 599*k + 8935. Give y(-16).
-649
Let p(a) = -123305*a - 2096273. Determine p(-17).
-88
Let v(u) = 4*u**2 + 2692*u - 8125. Give v(3).
-13
Let s(t) = 85*t**2 - 26179*t - 351. Give s(308).
-43
Let p(h) = -3*h**3 + 78*h**2 + 22*h + 428. Give p(26).
1000
Let h(p) = 1840*p**3 + p**2 - 182*p - 184. Determine h(-1).
-1841
Let q(l) = -4*l**2 - 324*l - 3017. Determine q(-11).
63
Let b(q) = 200*q - 2637. Determine b(22).
1763
Let o(z) = -z**3 - 93*z**2 + 370*z + 26029. Give o(-94).
85
Let t(g) = -3998*g + 99957. Give t(26).
-3991
Let b(w) = -68*w**3 + 3738*w**2 + 111*w + 1. Determine b(55).
56
Let d(f) = -77*f**2 + 42861*f + 15610. Determine d(557).
14
Let v(o) = 1976*o + 29484. Calculate v(-15).
-156
Let r(o) = -12603*o + 37803. Calculate r(3).
-6
Let k(m) = -13*m + 286. What is k(13)?
117
Let u(m) = 3957*m - 16085. What is u(4)?
-257
Let i(g) = 520*g + 126915. What is i(-244)?
35
Let d(p) = 342*p + 13668. Calculate d(-40).
-12
Let v(i) = -7*i**2 - 107*i - 592. Give v(-7).
-186
Let s(i) = 1243*i - 38492. Determine s(31).
41
Let p(c) = c**3 + 203*c**2 - 223*c - 85840. Give p(-202).
10
Let y(q) = -2*q**2 - 49*q + 5434. Give y(-64).
378
Let f(p) = 2*p**2 - 71*p - 332. Determine f(-5).
73
Let v(s) = 39*s**2 - 4624*s - 844. What is v(119)?
1179
Let r(m) = m**3 - 23*m**2 - 209*m - 163. Calculate r(31).
1046
Let p(u) = -3*u**3 + 75*u**2 - 85*u - 296. Give p(24).
-608
Let q(f) = -5*f**3 - 46*f**2 + 9*f + 74. Give q(-10).
384
Let n(u) = -2*u**3 - 10*u**2 + 87*u - 459. Calculate n(6).
-729
Let l(z) = z**3 + 141*z**2 - 4513*z + 56. Calculate l(27).
677
Let j(f) = 443*f + 8258. What is j(-15)?
1613
Let h(f) = -42060*f + 799146. Calculate h(19).
6
Let j(r) = 20*r**3 + 333*r**2 - 172*r - 904. Determine j(-17).
-3
Let k(v) = 7*v**2 - 1522*v - 1523. Determine k(-1).
6
Let z(v) = -3*v**2 + 554*v - 7715. Give z(15).
-80
Let f(k) = k**2 + 36125*k + 613837. What is f(-17)?
1
Let y(p) = -764*p - 9357. Determine y(-12).
-189
Let t(c) = -c**3 - 68*c**2 + 1409*c + 10. Calculate t(16).
1050
Let s(b) = -75*b**2 - 216*b + 1742. Give s(7).
-3445
Let s(m) = -m**3 + 14*m**2 - 5*m + 93. Give s(7).
401
Let y(t) = 11773*t - 635727. Calculate y(54).
15
Let x(z) = -5717*z - 57. Determine x(0).
-57
Let f(i) = -1637*i - 401070. Determine f(-245).
-5
Let l(x) = 1407*x**2 - 15479*x - 8. Determine l(11).
-30
Let b(x) = 410*x + 2451. Give b(-6).
-9
Let j(n) = -152002*n - 152052. Determine j(-1).
-50
Let c(h) = -4*h**2 + 2103*h - 18596. Determine c(9).
7
Let i(j) = 5*j**3 - 209*j**2 + 362*j - 98. Determine i(40).
-18
Let q(n) = -83*n - 17923. Calculate q(-215).
-78
Let z(m) = 2*m**2 + 156*m - 659. Determine z(-82).
-3
Let c(d) = d**3 + 10754*d - 43069. Determine c(4).
11
Let j(p) = p**3 - 1342*p**2 + 26264*p + 232671. Calculate j(1322).
-1
Let u(r) = r**3 + 27*r**2 + 156*r + 465. Determine u(-23).
-1007
Let z(f) = -135*f**3 + 74*f**2 - 141*f - 2. Calculate z(2).
-1068
Let k(p) = p**3 - 179*p**2 - 205*p + 99087. Calculate k(177).
144
Let g(y) = -3259*y - 117276. Determine g(-36).
48
Let c(q) = -2*q**3 - 14*q**2 - 36*q - 5. Determine c(-8).
411
Let t(s) = -7993*s - 1982265. Calculate t(-248).
-1
Let k(p) = 10494*p + 304309. Calculate k(-29).
-17
Let d(q) = 17178*q - 687608. Calculate d(40).
-488
Let u(s) = -96006*s + 96024. Give u(1).
18
Let w(t) = -t**2 + 3*t - 33. Determine w(25).
-583
Let z(g) = 7795*g**2 - 374170*g + 495. Calculate z(48).
15
Let c(p) = p**3 - 3*p**2 - 394*p - 375. Determine c(18).
-2607
Let y(h) = -h**2 + 38348*h - 191699. Calculate y(5).
16
Let w(c) = 193*c + 1043. Calculate w(-5).
78
Let b(c) = -2265*c - 19940. Determine b(-6).
-6350
Let p(n) = 196*n**3 - 3*n**2 - 10*n + 22. What is p(2)?
1558
Let u(p) = -12368*p - 2819903. What is u(-228)?
1
Let t(f) = 103*f + 4544. Give t(-44).
12
Let q(r) = -3*r**3 + 57*r**2 - 29*r + 435. Calculate q(19).
-116
Let a(m) = -m**2 + 132*m + 3547. Calculate a(153).
334
Let l(u) = -95118*u + 760947. Give l(8).
3
Let n(i) = -4078*i - 415930. Determine n(-102).
26
Let l(g) = 1416*g**2 + 25*g - 30. What is l(1)?
1411
Let a(n) = -14*n**2 + 7953*n + 7321. Give a(569).
-76
Let o(t) = 30*t**3 - 10*t**2 - 89*t - 159. Calculate o(-4).
-1883
Let y(m) = 188*m**2 - 1307*m - 4. Determine y(7).
59
Let y(b) = b**3 + 11*b**2 - 735*b - 4298. Determine y(-6).
292
Let y(p) = 34*p**3 - 34*p**2 + 155*p - 2. Calculate y(3).
1075
Let n(y) = -15*y**3 - 165*y**2 - 121*y - 1302. Determine n(-11).
29
Let r(d) = -d**3 + 46*d**2 + 293*d - 4815. Calculate r(50).
-165
Let m(c) = -3952287*c - 47427437. Calculate m(-12).
7
Let f(u) = 2*u**3 - 135*u**2 + 1173*u - 222. Give f(10).
8
Let g(l) = 3*l**2 - 485*l - 5395. Determine g(172).
-63
Let y(a) = -1934*a - 41620. Determine y(-21).
-1006
Let i(u) = -u**2 + 59*u + 10450. Calculate i(-71).
1220
Let y(n) = n**3 + 92*n**2 - 82*n + 521. Calculate y(-93).
-502
Let f(t) = 8*t**2 - 3476*t - 13844. What is f(-4)?
188
Let c(u) = 969*u + 9697. What is c(-10)?
7
Let j(y) = 6*y**3 + 24*y**2 + 73*y - 23. What is j(-4)?
-315
Let o(z) = -1118*z + 134122. Give o(120).
-38
Let c(v) = -42*v - 1957. Give c(-45).
-67
Let j(o) = -22620*o + 90454. Calculate j(4).
-26
Let n(v) = -v**3 + 11276*v**2 + 90257*v - 125. What is n(-8)?
-5
Let v(y) = y**2 - 1752*y - 760316. Give v(-360).
4
Let z(q) = -46*q + 795. Determine z(15).
105
Let w(s) = -s**3 + 137*s**2 + 820*s + 1374. Calculate w(143).
-4060
Let u(j) = j**2 - 3824*j + 91215. Give u(24).
15
Let w(d) = d**2 + 106*d - 6839. What is w(46)?
153
Let v(j) = -j**3 - 27*j**2 - 201*j - 1188. Calculate v(-20).
32
Let n(c) = -511*c**2 - 37288*c + 1094. What is n(-73)?
-1
Let t(k) = -k**2 - 1584*k - 598759. Determine t(-623).
-56
Let p(w) = -w**3 - 111*w**2 - 117*w - 1166. What is p(-110)?
-396
Let g(m) = -2*m**3 + 3527*m**2 - 201132*m + 57. Calculate g(59).
-2
Let s(h) = 165*h - 25031. What is s(161)?
1534
Let v(m) = m**2 + 394*m + 15384. Calculate v(-44).
-16
Let g(u) = 2260*u - 9558. Give g(4).
-518
Let g(n) = -4*n**2 + 423*n + 1982. What is g(112)?
-818
Let f(v) = -1345*v**2 - 68657*v - 3156. Give f(-51).
6
Let g(i) = 617*i + 9103. Calculate g(-15).
-152
Let o(u) = 3*u**3 + 62*u**2 - 580*u - 12405. Calculate o(-20).
-5
Let j(p) = p**2 + 2356*p - 2184413. Determine j(712).
3
Let r(d) = 25*d**2 - 2041*d + 20211. Determine r(70).
-159
Let s(i) = -i**3 - 114*i**2 - 690*i - 92667. What is s(-115)?
-92
Let q(h) = -h**3 + 36*h**2 - 3671*h + 142379. Determine q(38).
-7
Let x(t) = t**3 + 19*t**2 - 51*t + 263. Calculate x(-22).
-67
Let a(t) = -2*t**2 - 13*t + 4917. Calculate a(47).
-112
Let s(a) = -a**3 - 69*a**2 + 100*a - 14009. Determine s(-73).
7
Let u(t) = t**3 - 3*t**2 - 101*t + 715. Give u(11).
572
Let n(j) = j**3 + 20*j**2 + 603*j + 2614. Calculate n(-5).
-26
Let o(z) = 11*z**2 + 246*z + 1275. Give o(-8).
11
Let y(m) = 254*m**2 - 874*m - 7. Determine y(4).
561
Let o(n) = 370*n - 26525. Calculate o(64).
-2845
Let w(y) = -y**3 + 16*y**2 + 38*y - 236. What is w(13)?
765
Let t(h) = 6133*h + 545606. Calculate t(-89).
-231
Let p(d) = d**3 - 276*d**2 + 5604*d - 2965. Calculate p(254).
1099
Let c(d) = -2*d**3 + 30*d**2 - 3087*d + 46423. Determine c(15).
118
Let x(q) = -8847*q - 2. Determine x(0).
-2
Let t(v) = v**2 + 5430*v + 1191005. What is t(-229)?
-24
Let o(u) = 9*u**2 - 3157*u + 33870. Determine o(11).
232
Let a(y) = -38*y**2 - 16331*y - 32611. Calculate a(-2).
-101
Let h(x) = 11721*x + 46948. Give h(-4).
64
Let z(x) = -2249*x**3 - 2*x**2 - 26*x + 28. Give z(1).
-2249
Let y(x) = -258*x - 24. Calculate y(-7).
1782
Let l(y) = 39*y**2 - 4101*y - 498. Give l(105).
-1128
Let u(z) = -18*z**2 - 82*z - 47. What is u(-2)?
45
Let a(f) = -f**3 + 665*f**2 - 23237*f + 51. Give a(37).
14
Let c(s) = -6199*s - 66720. Calculate c(-11).
1469
Let o(l) = -63641*l + 2609273. What is o(41)?
-8
Let g(s) = 2592*s - 88263. Give g(34).
-135
Let m(a) = 1094*a + 5607. Give m(-5).
137
Let a(n) = 3*n - 133. What is a(-11)?
-166
Let k(f) = -17*f**2 + 1439*f - 942. Determine k(84).
-18
Let i(l) = -2*l**2 - 205*l + 38123. Give i(96).
11
Let w(o) = 3*o**3 + 294*o**2 - 854*o + 5566. Calculate w(-101).
11
Let r(w) = -w**3 - 54*w**2 - 2807*w - 80577. Give r(-37).
9
Let b(s) = -4415420*s - 4415427. What is b(-1)?
-7
Let v(j) = j**2 - 398*j + 31031. Ca